t of j?
1
What is the hundreds digit of 411*(7/(-9) + 1)*3?
2
Let a(c) = c**2 - 6*c + 2. Let l be a(6). Suppose -4*g + l*g = 56. What is the units digit of (-1)/4 + (-147)/g?
5
Suppose -11*t + 606 - 89 = 0. What is the units digit of t?
7
Let n = 36 + 10. Let w be 2 + n/(-2) - -3. Let v = w + 29. What is the units digit of v?
1
Let i = -3 - -3. Suppose -3*d + m - 12 = i, -4*d + m + 2*m - 11 = 0. Let q = -2 - d. What is the units digit of q?
3
Let t(x) = -2*x - 1. Let w be t(-4). Let b = w - 4. Suppose 9 = b*d - 12. What is the units digit of d?
7
Let a(s) = -s**2 + 4*s - 6. Let o be a(-5). Let f = o + 78. Suppose 2*m = -m + f. What is the units digit of m?
9
Let c(x) = 2*x + 7. Let d(i) = -2*i**2 - i + 1. Let b be d(-2). Let z be c(b). What is the units digit of 8*(-3)/z - 1?
7
Let l(n) be the first derivative of 3*n**2/2 + 2. Let s be l(1). Suppose -3*v - 14 = -5*v + 2*o, -21 = -s*v + 2*o. What is the units digit of v?
7
Let z = -4 - -3. What is the units digit of (7/z)/(4 - 5)?
7
Let d(j) = -j + 7. Let l be d(3). Let n = l + 5. What is the units digit of n?
9
Suppose 4*s - 5 = 3. What is the units digit of s?
2
What is the units digit of 5922/54 - (-2)/6?
0
Suppose 3*d - 324 = -3*d. What is the tens digit of d?
5
Let g(k) = -104*k - 5. What is the units digit of g(-1)?
9
Suppose 4*z - 764 + 252 = 0. What is the hundreds digit of z?
1
Let d(q) be the second derivative of q**7/840 + q**6/72 - q**4/12 - q**3/6 - 4*q. Let v(n) be the second derivative of d(n). What is the tens digit of v(-2)?
1
Let j(x) = x**2 + 9*x + 17. What is the hundreds digit of j(7)?
1
Suppose 4*z + 152 - 38 = 3*y, -152 = -4*y + 3*z. What is the tens digit of y?
3
Suppose -49 = -9*d + 2*d. What is the units digit of d?
7
Let s(b) = b**3 - 2*b**2 - b + 1. Let v be s(2). Let r(y) = -37*y - 1. What is the tens digit of r(v)?
3
Let a(y) = -y**2 + 6*y + 5. Suppose -3*g = -1 - 14. Let n be a(g). Suppose -3*h + n + 44 = 0. What is the tens digit of h?
1
Let s(n) = n**3 - 8*n**2 - 6*n + 12. What is the units digit of s(9)?
9
Let b be ((-6)/(-8))/((-15)/(-40)). Suppose 0 = -b*s + 41 + 7. What is the tens digit of s?
2
Let v(f) = f - 6. Let o(n) = -2*n + 11. Let y(t) = -4*o(t) - 9*v(t). What is the units digit of y(8)?
2
Suppose 79*d - 2352 = 72*d. What is the hundreds digit of d?
3
Suppose -g - 7 = -b, 2*g + b + 5 = -0*g. Let i = 4 + g. Suppose -3*l + 9 + 6 = i. What is the units digit of l?
5
Let k(u) = u**3 + 4*u**2 - 2*u. Let n(b) = b. Let w(i) = k(i) + 4*n(i). Let l be w(-2). Let c = 5 - l. What is the units digit of c?
1
Let k be 3/5 + (-122)/(-5). Let g be (6/(-12))/(1/(-86)). Let z = g - k. What is the tens digit of z?
1
Let n(a) be the second derivative of -a**4/12 - 4*a**3/3 + 3*a**2 - a. What is the tens digit of n(-7)?
1
Let a(d) = -d**3 + 4*d**2 + 2*d - 5. Suppose -2*n = n - 12. Let o be a(n). What is the units digit of 3*(-2)/o*-2?
4
Let g = 39 - -1. What is the units digit of g?
0
Suppose -4*d + 162 = -2*b, -4*b + 39 - 211 = -4*d. Suppose 3*p + 16 = -3*n - 17, 0 = -2*p + 2*n - d. Let q = 26 + p. What is the tens digit of q?
1
Suppose 31 = 3*w - l - 21, 3*w = 4*l + 55. Suppose w = 3*u + 2. What is the units digit of u?
5
Let j = -6 - -312. What is the tens digit of j?
0
Let q be -2 - (-10 + 0 + 1). Suppose -3 = -4*d - q. Let p(k) = -7*k + 1. What is the units digit of p(d)?
8
Let x = -252 + 588. Let l be 1/(-5) + x/30. Suppose v + 3 = l. What is the units digit of v?
8
Let k(t) = t + 11. Let j be k(0). Let s = -8 + j. Suppose -4*f + 0*z = s*z + 7, -f = -z - 7. What is the units digit of f?
2
Suppose 0 = 2*i + 4 - 46. What is the tens digit of i?
2
Suppose h = -4*h - 15, 15 = 2*b - 5*h. Let s(k) = -k**3 + 9*k**2 - 7*k - 7. Let d be s(8). What is the units digit of (13 - b - 0) + d?
4
Suppose -15 = -0*j + j. Let w be (-2 + 0)/(2/j). Let x = -5 + w. What is the units digit of x?
0
Let l be (-1)/(-4*1/(-24)). Let a(c) = -c + 3. What is the units digit of a(l)?
9
Suppose -5*a + 40 = -0*a. Let o = 117 + -119. Let i = o + a. What is the units digit of i?
6
Suppose 3*k - 20 = -k. Suppose 4*n = -3*l + 6, -k*n + 23 = -3*l - l. Let u(v) = -v**2 + 3*v + 2. What is the units digit of u(n)?
2
Let c(n) = 4*n - 8. Suppose g = 5*g - 4. Let x = g - -5. What is the units digit of c(x)?
6
Suppose 3*s + s = 64. What is the units digit of (2/(-4) - -1)*s?
8
Let q be (15/(-12))/((-2)/8). Suppose -7 = -i + q. Suppose -x + i = x. What is the units digit of x?
6
Let r be 0 + 2 + (-6)/3. Suppose -5*a = 10, r = 3*s - a - a + 20. Let f = s - -20. What is the units digit of f?
2
Suppose -2*u + 61 = 19. What is the units digit of u?
1
Let r = 6 + 3. What is the units digit of r?
9
Suppose -281*s = -279*s - 456. What is the units digit of s?
8
What is the units digit of ((-756)/90)/((-1)/5)?
2
Let m(p) = -p**2 + p + 3. Let s be m(6). Let f = -11 - s. What is the tens digit of f?
1
Let g(r) = -3*r - 6. Let f = 13 + -9. Suppose -5 - 11 = f*k. What is the units digit of g(k)?
6
Let s = 9 + -7. Suppose s*b - 4*b = -78. What is the units digit of b?
9
Suppose -2 = o - 5. Suppose 0*n = o*n - 33. What is the units digit of n?
1
What is the tens digit of 1/(-9)*-15*(-1 - -52)?
8
Let f(w) = w**3 + 8*w**2 + 5*w - 2. Let t = 3 - 10. What is the units digit of f(t)?
2
Suppose -562 + 98 = -4*l - 2*j, 0 = -4*l - 3*j + 466. What is the tens digit of l?
1
Suppose 5*u + 2 = -13. Let g = 2 - u. What is the units digit of g?
5
Let s = -55 - -73. What is the tens digit of s?
1
What is the units digit of 0 + 6/4 + (-174)/(-4)?
5
Suppose -3*g = -7*g + 132. What is the units digit of g?
3
Let u(h) = -h**2 - 7*h + 3. Let s be u(-7). Suppose s*n - 4*l - 5 = 0, n + l - 5 = 3*n. Let f = n + 11. What is the units digit of f?
6
Let j = -4 + 2. Let y be (-3)/(-9)*(j + 17). Suppose y*o + 8 = 7*o. What is the units digit of o?
4
Let m be ((-8)/10)/(3/135). Let k = m - -66. Suppose -3*x + k = -0*n + 4*n, 0 = -n + 5*x + 19. What is the units digit of n?
9
Suppose 0 = -5*s + 363 - 38. What is the units digit of s?
5
Let g(q) be the third derivative of -q**6/120 + 3*q**5/20 - q**4/3 + q**3/2 + 4*q**2. What is the units digit of g(8)?
3
Suppose t + 36 = 3*t. What is the tens digit of t?
1
Let j(i) = -4*i + 5*i + 2*i**2 + 11*i**2 - 4*i**2. Let y be j(-1). Suppose -3*a - 2*o + y = -29, -1 = -a + 5*o. What is the units digit of a?
1
Suppose -16 = -0*g + 5*g - 2*u, 3*g + 22 = -5*u. Let j be -1 + 1 - (g + 4). Suppose -3*f - 4*w + 26 = -j*f, -3*f - 9 = -3*w. What is the units digit of f?
2
Let m = -22 + 75. What is the tens digit of m?
5
Let h(x) = 2*x**2 - 5*x + 6. What is the tens digit of h(5)?
3
Let c(k) be the second derivative of -k**3/6 - 2*k. Let i(a) = -a**3 - 4*a**2 + 6*a - 5. Let f be i(-5). What is the tens digit of c(f)?
1
Suppose 0 = -y + 4*y - 252. What is the tens digit of y?
8
Let y be 24/(-16)*14/(-3). Let n(z) = -z**3 + 6*z**2 + 9*z - 6. What is the units digit of n(y)?
8
Let t = 66 + -30. Suppose 0 = -0*i + 5*i - 3*a - 54, -5*i - 3*a = -t. What is the units digit of i?
9
Suppose -u = -5 - 7. What is the units digit of u?
2
Let n = -5 - -5. Let s be 68/20 + 9/15. What is the tens digit of n + 18 + (s - 2)?
2
Let j(o) = -o**3 + 16*o**2 - 10*o - 12. What is the units digit of j(15)?
3
Let i(z) = 20*z**2 + 2*z + 1. What is the units digit of i(-1)?
9
Suppose 600 = 7*s - s. What is the units digit of s?
0
Let h be (-6)/4*(-1 - 1). Suppose 5 = -c + 4*v, 6 = 3*c + h*v - 9. What is the units digit of c?
3
Let w = 1 - 1. Let s = w - -2. What is the units digit of 3/(-6)*s + 10?
9
Let o = 2 + 1. Suppose -3*g - 1 = 2*b + 2*g, -2*b = 4*g - 2. Let v = b + o. What is the tens digit of v?
1
Suppose 3*u - 2*i = 362, -165 = -3*u + i + 193. What is the hundreds digit of u?
1
Let r(h) = h**2 + 19*h + 23. What is the units digit of r(-18)?
5
Let o(z) = -z**3 - 2*z**2 + 5*z - 2. Let j be o(-4). Suppose -x + 3*x - 4*n = -2, -5*n - j = -5*x. What is the units digit of x?
5
Suppose -2*f = 2 + 8. Let k = -12 - -9. What is the units digit of (5/k)/(f/15)?
5
Let z = -233 + 350. What is the units digit of z?
7
Suppose -3*c = -2*v - 13, -2*v - 7 - 4 = -c. What is the units digit of (3/5)/(c/15)?
9
Let z(r) = -r**2 + r + 1. Let j be z(0). Suppose 59 = 3*i - j. Suppose -5*l = 5 - i. What is the units digit of l?
3
Let q(u) = u**2 - 3*u - 2. Let v 